git of (-24)/48 - (1 + a/(-2))?
8
Let g(x) = 0*x - 6*x - x - 32 + 62. Let o(h) = -h**2 - 2*h + 55. Let w be o(7). What is the units digit of g(w)?
6
Suppose -4*n - 12 = 0, 31*z - 27*z - 60932 = -4*n. What is the hundreds digit of z?
2
Let j = 73 - 77. Let k(g) = -6*g**3 - 5*g**2 - g - 8. What is the hundreds digit of k(j)?
3
Suppose 7*b - 48 = 5*b. Suppose 5*j = -3*j + b. Suppose 8*h = 4*c + j*h - 397, -440 = -5*c - 5*h. What is the tens digit of c?
9
Let h be 33/22*(-8)/(-6). Suppose 0 = -v + 3*t + 306, -4*v - 628 = -6*v - h*t. What is the units digit of v?
2
Let a(b) be the first derivative of -31*b**4/4 - b**3/3 - 9*b**2/2 - 24*b + 229. What is the tens digit of a(-2)?
3
What is the units digit of ((-10)/(700/(-5145)))/(6/5260)?
5
Suppose 3*q + m = 4*m - 3, 5*q + m - 19 = 0. Suppose 107 = -q*s - l - 0*l, 5*l = 5*s + 185. What is the units digit of (174/(-8))/(9/s)?
7
Let c = -1530 + 3001. Let d = c + -1003. What is the hundreds digit of d?
4
Suppose 4 = 2*p - 12. Suppose -3*d + 4631 = p*d. What is the hundreds digit of d?
4
Let r be (-3)/6*-7060 - -5. Suppose -4*h + 3*u = -2961, -1298 = 3*h + u - r. What is the units digit of h?
4
Suppose -3*x + x = -476. What is the units digit of x - ((-90)/(-25) + -4)*-10?
4
Let w(b) = b**3 + 2*b**2 - 3*b + 3. Suppose d - 3 = -6. Let u be w(d). Suppose -4 = -u*n - 1. What is the units digit of n?
1
Let d(l) = 54*l**2 - 5*l + 4. Suppose -4*z - 7*z = -99. Let g(v) = v**3 - 8*v**2 - 6*v - 26. Let h be g(z). What is the units digit of d(h)?
3
Let t be -165*(12/27)/(5/(-15)). What is the tens digit of t/2 + -4 + 8?
1
Suppose -81 = -17*w + 123. Suppose -2*s = -w - 2794. What is the hundreds digit of s?
4
Let i = 592 + -592. Suppose -2*w + 1213 + 1457 = i. What is the tens digit of w?
3
Suppose 0 = -14*w + 16 + 68. Let p(y) = 6*y**3 + 6*y**2 - 2*y - 48. What is the units digit of p(w)?
2
Let i(c) = -22*c**3 - 8*c**2 - c + 58. What is the hundreds digit of i(-6)?
5
Let y(z) = -2*z + 33. Let w be y(15). Let c(x) = -9*x**2 + 3*x**w + x**2 + 27 + 4*x - 22. What is the units digit of c(4)?
5
Suppose 21*g = 133 + 455. Let r(m) = -4*m**2 + 119*m - 42. What is the units digit of r(g)?
4
Suppose 125*u = -101*u + 283*u - 3481332. What is the hundreds digit of u?
0
Let r be 3/(-2) + (-88)/(-16) - 2. Suppose 4*u + r*u = 1146. What is the units digit of u?
1
Suppose -12 = 3*q, -5*q - 1439 = -3*o + 1065. What is the units digit of o?
8
Let n = -242 - -245. Suppose -3*m = -8*m + 20, 0 = n*z - m - 1052. What is the units digit of z?
2
Suppose -5*z + 4542 = 2*k, 4*k + 9*z - 9052 = 7*z. Suppose 2*c - j - k = 0, 5*c = -2*j + j + 5642. What is the units digit of c?
9
Let o(l) = 108*l - 4. Suppose -5*y + 4*y + 4 = 0. Suppose -n = 5*b - y, 0*n = -5*n - 5. What is the hundreds digit of o(b)?
1
Suppose j - 4*j + 18779 = 4*w, 0 = -5*j - 5*w + 31300. What is the hundreds digit of j?
2
Let h be (0 - -3)*15/9. Let t be (466/h - (-1)/(-5)) + -3. What is the tens digit of (-70)/(-15)*t/7?
6
Let f be 0 - -2 - -3*(-6)/(-18). Suppose 0 = -5*k + 2*w + 6722, 4*w + f = w. Suppose 3*x + 5*x - k = 0. What is the tens digit of x?
6
Let i(x) = 2281*x - 95. What is the thousands digit of i(1)?
2
Suppose 0 = j - 5*c - 66, 3*j = -2*c + c + 166. Suppose j*m - 54*m - 220 = 0. What is the hundreds digit of m?
1
Let c be (-2 - -1 - 1) + -44 + 996. Let a = -577 + c. What is the tens digit of a?
7
Suppose -20*i + 24*i = 12. Let j = 755 - 485. Suppose -i*m + 9*m = j. What is the units digit of m?
5
Suppose 8096 = g - 5*y, 5*g - 8*y - 40642 = -10*y. What is the units digit of g?
6
What is the thousands digit of 9/45 - (9/15*-7283 + 0)?
4
Let n(k) = -2*k**2 + 5*k - 8. Let y be n(-6). Let b = y - -202. Suppose -4*g = 2*s - 2*g - b, -2*s + 107 = -3*g. What is the tens digit of s?
4
Let g be ((-32)/(-28))/8 - (-2)/(-14). Suppose 6*j - 2923 - 797 = g. What is the units digit of j?
0
What is the hundreds digit of (-146 - -7727) + -6 + 0?
5
Suppose 14*j - 44*j + 255300 = 0. What is the hundreds digit of j?
5
Let h(r) = -r**3 - 3*r**2 + 3*r. Let m be h(-3). Let i(p) be the first derivative of -15*p**2/2 + p - 34. What is the hundreds digit of i(m)?
1
Let u = 278 - 146. Suppose -u = -6*w + 522. Let z = 36 + w. What is the tens digit of z?
4
What is the units digit of (-24341)/(-4) + 1 + (-37)/148?
6
Let h be -2*(-332 - 7/7). What is the units digit of (-13 - -5) + h - -3?
1
Suppose -5*h = -299276 + 57421. What is the thousands digit of h?
8
Let a(y) = -1447*y - 3209. What is the tens digit of a(-29)?
5
Let a(b) = 9*b**2 + 26*b + 55. Let j(t) = 7*t**2 + 26*t + 55. Let p(l) = 3*a(l) - 4*j(l). What is the tens digit of p(-16)?
0
Suppose -11 = -28*j + 6*j - 99. Let w(x) be the second derivative of -x**4/12 - 5*x**3/2 - 3*x**2/2 - x. What is the units digit of w(j)?
1
Let t = -3434 + 8504. What is the tens digit of t?
7
Let i = -365 + 365. Suppose 109*z - 99*z - 12320 = i. What is the units digit of z?
2
Suppose -273*a - 24 = -275*a. Suppose 4*v = 2*p + 1400, -a*v + 8*v = -3*p - 1400. What is the units digit of v?
0
Suppose 21*x + 240 + 33 = 0. What is the tens digit of 10940/18 + 6/(-351)*x?
0
Let h(s) = -33*s + 146 + 13*s - 32 + 10*s**2. What is the tens digit of h(8)?
9
Suppose -5*q - j = -117026, q - 5*j + 3*j = 23392. What is the units digit of q?
4
Let y(a) be the third derivative of -5*a**4/4 + a**3/2 + a**2. Let d = -378 + 377. What is the units digit of y(d)?
3
Let u be 18/24 + (-1004)/16. Let c be u/22 - (0 - (-4)/22). What is the tens digit of (4/8)/(c/(-1338))?
2
Suppose -20156 = -10*x + 23244. What is the tens digit of ((-24)/7)/((-40)/x)?
7
Let c(a) = 58*a**2 - a + 7. Let z(w) = -4 - 3 + 6. Let m(q) = c(q) + 5*z(q). What is the units digit of m(1)?
9
Let w(u) = -12140 - 6*u + 12356 - 6*u. What is the hundreds digit of w(-6)?
2
Let r(t) = 68*t**3 + 8*t**2 - 2*t - 3. Let o be r(3). Suppose -5*k = -1246 - o. What is the tens digit of k?
2
Suppose 4*c + 0*p - p - 1333 = 0, -3*c = 2*p - 986. Suppose 3*m - 2090 = -c. What is the tens digit of m?
8
Suppose -15*y = -19*y. Let g be y/(20/(-5)) + 3. Suppose 0 = -3*s - 0*w - 3*w + 810, 0 = -g*w - 6. What is the hundreds digit of s?
2
What is the tens digit of ((-2886)/(-10))/((-108)/(-9720))?
7
Let b = 410 - -148. Suppose -b = -3*j + 699. Let a = -278 + j. What is the tens digit of a?
4
Let z(q) = -609*q + 540. What is the hundreds digit of z(-7)?
8
Suppose -5*c + 84 - 9 = -5*s, 2*c + s - 33 = 0. Let h = c + -19. What is the units digit of 6 + h + (33 - (-6)/(-3))?
4
Let c be (-1 - -1*91)*44556/395. Suppose 19*o + c = 31*o. What is the units digit of o?
6
Let z = 12821 + -7609. What is the tens digit of z?
1
Let h = 55532 - 38456. What is the ten thousands digit of h?
1
Let x(f) = f**2 - 16*f + 3. Suppose 2*y - 18 = -y + 3*w, 3*y - 17 = 2*w. Let q(d) = d**2 - d - 3. Let s be q(y). What is the tens digit of x(s)?
2
Let f be 33*(48/132)/1. Let m be (-9)/(1 + 128/(-127)). Suppose -3*v + f*v - m = 0. What is the hundreds digit of v?
1
Suppose -m + 6*x - x - 7 = 0, 0 = -m + 2*x + 8. Let d be (m/4)/((-8)/(-16)). Suppose 13*i - d*i - 24 = 0. What is the units digit of i?
6
Let z = -29 - -49. Let k = z - -2. Suppose -v + 14 + k = 0. What is the tens digit of v?
3
What is the ten thousands digit of ((-147028)/8)/(6/(-8))*(-420)/(-280)?
3
Suppose 7*k - 5*c = 3*k + 16, 4*k - 8 = 3*c. Let q(t) = -33*t - 1. What is the tens digit of q(k)?
3
Suppose -2*b + 48530 = 5*d, 6*d - 19897 = -5*b + 38326. What is the hundreds digit of d?
7
Suppose s + 4*k + 26 = 0, -k = 5*s + 2 - 5. Let b(y) = 2*y**2 + 7*y + 6. Let q be b(-4). Suppose -s*t = -q*t + 1496. What is the units digit of t?
7
Suppose -2*z + 62*k + 60899 = 57*k, z + 5*k - 30487 = 0. What is the tens digit of z?
6
Let j(q) be the first derivative of -10*q**2 - 2*q - 19. Let b be j(-13). Suppose 4*t - 110 = b. What is the units digit of t?
2
Let t(r) = -r**3 - 19*r**2 + r + 35. Suppose -7*c - 70 = -3*c + 2*s, 41 = -2*c + s. Let w be t(c). What is the units digit of (1272/w)/((-6)/(-4))?
3
Let z be (29 - 83)*(-20)/(-3). Let u = z - -1091. What is the tens digit of u?
3
Let o(b) = -b**3 + 3*b**2 - 3*b - 27. Let w(j) = -2*j**3 + 3*j**2 - 4*j - 28. Let g(q) = 6*o(q) - 5*w(q). What is the units digit of g(3)?
9
Suppose 0 = 3*q + w + 37, -54*q + 50*q + 2*w = 46. Let u(n) = -63*n - 231. Wh